{"id":238,"date":"2021-06-14T15:20:41","date_gmt":"2021-06-14T18:20:41","guid":{"rendered":"https:\/\/hostexpress.com.br\/oficina1\/?page_id=238"},"modified":"2021-07-24T18:52:01","modified_gmt":"2021-07-24T21:52:01","slug":"nossas-producoes","status":"publish","type":"page","link":"https:\/\/hostexpress.com.br\/oficina1\/nossas-producoes\/","title":{"rendered":"Nossas produ\u00e7\u00f5es"},"content":{"rendered":"\t\t<div data-elementor-type=\"wp-page\" data-elementor-id=\"238\" class=\"elementor elementor-238\" data-elementor-settings=\"[]\">\n\t\t\t\t\t\t\t<div class=\"elementor-section-wrap\">\n\t\t\t\t\t\t\t<section class=\"elementor-section elementor-top-section elementor-element elementor-element-7928bd1 elementor-section-boxed elementor-section-height-default elementor-section-height-default\" data-id=\"7928bd1\" data-element_type=\"section\">\n\t\t\t\t\t\t<div class=\"elementor-container elementor-column-gap-default\">\n\t\t\t\t\t<div class=\"elementor-column elementor-col-100 elementor-top-column elementor-element elementor-element-983e076\" data-id=\"983e076\" data-element_type=\"column\">\n\t\t\t<div class=\"elementor-widget-wrap elementor-element-populated\">\n\t\t\t\t\t\t\t\t<div class=\"elementor-element elementor-element-641fc70 elementor-widget elementor-widget-heading\" data-id=\"641fc70\" data-element_type=\"widget\" data-widget_type=\"heading.default\">\n\t\t\t\t<div class=\"elementor-widget-container\">\n\t\t\t<h2 class=\"elementor-heading-title elementor-size-default\">Entre o C\u00e9u e o Inferno - Musical<\/h2>\t\t<\/div>\n\t\t\t\t<\/div>\n\t\t\t\t\t<\/div>\n\t\t<\/div>\n\t\t\t\t\t\t\t<\/div>\n\t\t<\/section>\n\t\t\t\t<section class=\"elementor-section elementor-top-section elementor-element elementor-element-5d7fb8f elementor-section-boxed elementor-section-height-default elementor-section-height-default\" data-id=\"5d7fb8f\" data-element_type=\"section\">\n\t\t\t\t\t\t<div class=\"elementor-container elementor-column-gap-default\">\n\t\t\t\t\t<div class=\"elementor-column elementor-col-50 elementor-top-column elementor-element elementor-element-081dc84\" data-id=\"081dc84\" data-element_type=\"column\">\n\t\t\t<div class=\"elementor-widget-wrap elementor-element-populated\">\n\t\t\t\t\t\t\t\t<div class=\"elementor-element elementor-element-c3c8618 elementor-widget elementor-widget-text-editor\" data-id=\"c3c8618\" data-element_type=\"widget\" data-widget_type=\"text-editor.default\">\n\t\t\t\t<div class=\"elementor-widget-container\">\n\t\t\t\t\t\t\t<p>Entre o C\u00e9u e o Inferno \u2013 O Musical \u00e9 uma apresenta\u00e7\u00e3o de teatro musical com dura\u00e7\u00e3o em celebra\u00e7\u00e3o dos 15 anos de atividades da Oficina de Estudos da Arte Esp\u00edrita.<\/p><p><span style=\"color: var( --e-global-color-text ); font-family: var( --e-global-typography-text-font-family ), Sans-serif; font-weight: var( --e-global-typography-text-font-weight );\">Primeiro trabalho de cunho profissional da Oficina de Estudos da Arte Esp\u00edrita na \u00e1rea c\u00eanica, o musical \u00e9 uma produ\u00e7\u00e3o inspirada no livro \u201cO C\u00e9u e o Inferno\u201d, de Allan Kardec, e conta a hist\u00f3ria de quatro esp\u00edritos em seus contextos de vida, os dramas pelos quais passaram e suas respectivas situa\u00e7\u00f5es ap\u00f3s a desencarna\u00e7\u00e3o. S\u00e3o eles Samuel Fellipe, Auguste Michel, Sapateiro Lu\u00eds e Condessa Paula, todos esp\u00edritos presentes no trabalho de Kardec.<\/span><\/p><div class=\"o9v6fnle cxmmr5t8 oygrvhab hcukyx3x c1et5uql\"><div dir=\"auto\">Ainda que inspirada em uma obra b\u00e1sica da Doutrina Esp\u00edrita, o projeto se prop\u00f5e atingir um p\u00fablico que vai al\u00e9m dos correligion\u00e1rios, alcan\u00e7ando a todos que se interessam pela tem\u00e1tica da vida ap\u00f3s a morte e pela arte de uma maneira geral.<\/div><\/div><div class=\"o9v6fnle cxmmr5t8 oygrvhab hcukyx3x c1et5uql\"><div dir=\"auto\">A inten\u00e7\u00e3o inicial \u00e9 realizar, durante duas semanas de outubro de 2017, apresenta\u00e7\u00f5es na cidade do Rio de Janeiro e circula\u00e7\u00e3o em 2018 por teatros e festivais em todo o pa\u00eds.<\/div><\/div><div class=\"o9v6fnle cxmmr5t8 oygrvhab hcukyx3x c1et5uql\"><div dir=\"auto\">Trata-se da realiza\u00e7\u00e3o de um projeto de grande porte, valorizando a qualidade t\u00e9cnica e doutrin\u00e1ria, sem com isso excluir qualquer religi\u00e3o, abordando um tema que \u00e9 de interesse da maior parte da popula\u00e7\u00e3o \u2013 a vida ap\u00f3s a morte \u2013, trazendo consolo e esperan\u00e7a no porvir.<\/div><\/div><div class=\"o9v6fnle cxmmr5t8 oygrvhab hcukyx3x c1et5uql\"><div dir=\"auto\">Mais que a pr\u00f3pria realiza\u00e7\u00e3o em si, o pioneirismo do projeto busca tamb\u00e9m estimular mais realiza\u00e7\u00f5es art\u00edsticas por todo o pa\u00eds, abrindo portas para todos aqueles que se sintam tocados pela arte e desejem se expressar atrav\u00e9s dela, criando uma rede de produ\u00e7\u00f5es sustent\u00e1veis e p\u00fablico consumidor.<\/div><\/div>\t\t\t\t\t\t<\/div>\n\t\t\t\t<\/div>\n\t\t\t\t\t<\/div>\n\t\t<\/div>\n\t\t\t\t<div class=\"elementor-column elementor-col-50 elementor-top-column elementor-element elementor-element-19ed4a9\" data-id=\"19ed4a9\" data-element_type=\"column\">\n\t\t\t<div class=\"elementor-widget-wrap elementor-element-populated\">\n\t\t\t\t\t\t\t\t<div class=\"elementor-element elementor-element-bbce24c elementor-absolute elementor-widget elementor-widget-image\" data-id=\"bbce24c\" data-element_type=\"widget\" data-settings=\"{&quot;_position&quot;:&quot;absolute&quot;}\" data-widget_type=\"image.default\">\n\t\t\t\t<div class=\"elementor-widget-container\">\n\t\t\t\t\t\t\t\t\t\t\t\t\t\t\t<img width=\"600\" height=\"600\" src=\"https:\/\/hostexpress.com.br\/oficina1\/wp-content\/uploads\/2021\/07\/19554030_284684038670324_7611346019739791541_n.jpg\" class=\"attachment-large size-large\" alt=\"\" loading=\"lazy\" srcset=\"https:\/\/hostexpress.com.br\/oficina1\/wp-content\/uploads\/2021\/07\/19554030_284684038670324_7611346019739791541_n.jpg 600w, https:\/\/hostexpress.com.br\/oficina1\/wp-content\/uploads\/2021\/07\/19554030_284684038670324_7611346019739791541_n-300x300.jpg 300w, https:\/\/hostexpress.com.br\/oficina1\/wp-content\/uploads\/2021\/07\/19554030_284684038670324_7611346019739791541_n-150x150.jpg 150w\" sizes=\"(max-width: 600px) 100vw, 600px\" \/>\t\t\t\t\t\t\t\t\t\t\t\t\t\t\t<\/div>\n\t\t\t\t<\/div>\n\t\t\t\t\t<\/div>\n\t\t<\/div>\n\t\t\t\t\t\t\t<\/div>\n\t\t<\/section>\n\t\t\t\t<section class=\"elementor-section elementor-top-section elementor-element elementor-element-6078411 elementor-section-boxed elementor-section-height-default elementor-section-height-default\" data-id=\"6078411\" data-element_type=\"section\">\n\t\t\t\t\t\t<div class=\"elementor-container elementor-column-gap-default\">\n\t\t\t\t\t<div class=\"elementor-column elementor-col-100 elementor-top-column elementor-element elementor-element-aca9451\" data-id=\"aca9451\" data-element_type=\"column\">\n\t\t\t<div class=\"elementor-widget-wrap elementor-element-populated\">\n\t\t\t\t\t\t\t\t<div class=\"elementor-element elementor-element-704b377 elementor-widget elementor-widget-image\" data-id=\"704b377\" data-element_type=\"widget\" data-widget_type=\"image.default\">\n\t\t\t\t<div class=\"elementor-widget-container\">\n\t\t\t\t\t\t\t\t\t\t\t\t\t\t\t<img width=\"700\" height=\"394\" src=\"https:\/\/hostexpress.com.br\/oficina1\/wp-content\/uploads\/2021\/07\/maxresdefault-1024x576.jpg\" class=\"attachment-large size-large\" alt=\"\" loading=\"lazy\" srcset=\"https:\/\/hostexpress.com.br\/oficina1\/wp-content\/uploads\/2021\/07\/maxresdefault-1024x576.jpg 1024w, https:\/\/hostexpress.com.br\/oficina1\/wp-content\/uploads\/2021\/07\/maxresdefault-300x169.jpg 300w, https:\/\/hostexpress.com.br\/oficina1\/wp-content\/uploads\/2021\/07\/maxresdefault-768x432.jpg 768w, https:\/\/hostexpress.com.br\/oficina1\/wp-content\/uploads\/2021\/07\/maxresdefault.jpg 1280w\" sizes=\"(max-width: 700px) 100vw, 700px\" \/>\t\t\t\t\t\t\t\t\t\t\t\t\t\t\t<\/div>\n\t\t\t\t<\/div>\n\t\t\t\t\t<\/div>\n\t\t<\/div>\n\t\t\t\t\t\t\t<\/div>\n\t\t<\/section>\n\t\t\t\t\t\t<\/div>\n\t\t\t\t\t<\/div>\n\t\t","protected":false},"excerpt":{"rendered":"<p>Entre o C\u00e9u e o Inferno &#8211; Musical Entre o C\u00e9u e o Inferno \u2013 O Musical \u00e9 uma apresenta\u00e7\u00e3o de teatro musical com dura\u00e7\u00e3o em celebra\u00e7\u00e3o dos 15 anos de atividades da Oficina de Estudos da Arte Esp\u00edrita. Primeiro trabalho de cunho profissional da Oficina de Estudos da Arte Esp\u00edrita na \u00e1rea c\u00eanica, o &#8230; <span class=\"more\"><a class=\"more-link\" href=\"https:\/\/hostexpress.com.br\/oficina1\/nossas-producoes\/\"><\/a><\/span><\/p>\n","protected":false},"author":1,"featured_media":0,"parent":0,"menu_order":0,"comment_status":"closed","ping_status":"closed","template":"elementor_header_footer","meta":[],"_links":{"self":[{"href":"https:\/\/hostexpress.com.br\/oficina1\/wp-json\/wp\/v2\/pages\/238"}],"collection":[{"href":"https:\/\/hostexpress.com.br\/oficina1\/wp-json\/wp\/v2\/pages"}],"about":[{"href":"https:\/\/hostexpress.com.br\/oficina1\/wp-json\/wp\/v2\/types\/page"}],"author":[{"embeddable":true,"href":"https:\/\/hostexpress.com.br\/oficina1\/wp-json\/wp\/v2\/users\/1"}],"replies":[{"embeddable":true,"href":"https:\/\/hostexpress.com.br\/oficina1\/wp-json\/wp\/v2\/comments?post=238"}],"version-history":[{"count":10,"href":"https:\/\/hostexpress.com.br\/oficina1\/wp-json\/wp\/v2\/pages\/238\/revisions"}],"predecessor-version":[{"id":1307,"href":"https:\/\/hostexpress.com.br\/oficina1\/wp-json\/wp\/v2\/pages\/238\/revisions\/1307"}],"wp:attachment":[{"href":"https:\/\/hostexpress.com.br\/oficina1\/wp-json\/wp\/v2\/media?parent=238"}],"curies":[{"name":"wp","href":"https:\/\/api.w.org\/{rel}","templated":true}]}}